302576
What is -425171 (base 8) in base 11?
-97711
Convert 217511 (base 11) to base 8.
1245065
Convert -4230131 (base 5) to base 8.
-212012
What is 110111100110 (base 2) in base 15?
10c3
-35a435 (base 14) to base 8
-6775537
Convert 67809 (base 10) to base 6.
1241533
What is 13231341 (base 6) in base 15?
8a42d
-24ded (base 16) to base 6
-3123101
Convert 46aab (base 12) to base 4.
113022203
Convert 24647 (base 13) to base 3.
10101212212
c9276 (base 13) to base 9
612766
-7840a (base 11) to base 5
-12114004
Convert -400230004 (base 5) to base 7.
-16231044
31767407 (base 8) to base 13
154641a
-330137 (base 8) to base 5
-12020222
-40401 (base 7) to base 12
-5809
What is 10320211102 (base 4) in base 2?
100111000100101010010
10d2452 (base 14) to base 15
a8ac5d
Convert -329de0 (base 15) to base 8.
-11150525
Convert 1574434 (base 9) to base 6.
30435004
Convert 3ac07 (base 16) to base 15.
4b482
c708ee (base 15) to base 5
4411001044
1000100111001101000000 (base 2) to base 12
90a680
-10101011011011001 (base 2) to base 9
-143351
Convert 10011000111101101 (base 2) to base 16.
131ed
What is -9155433 (base 10) in base 2?
-100010111011001101101001
What is -790ce (base 15) in base 10?
-384944
Convert 222122121202 (base 3) to base 15.
a5688
Convert 200121042 (base 5) to base 10.
785772
Convert -5d179 (base 14) to base 8.
-675327
What is -52a42 (base 11) in base 3?
-10220210102
What is 32333481 (base 9) in base 6?
1314334031
What is 15017004 (base 10) in base 16?
e5242c
Convert 7bad2 (base 15) to base 9.
660348
-11520c5 (base 14) to base 6
-453052205
-1546186 (base 9) to base 12
-354273
Convert -12713724 (base 8) to base 2.
-1010111001011111010100
Convert 2a0599 (base 11) to base 2.
1110010100011101001
Convert -165231 (base 14) to base 2.
-10111111000010001011
What is -1101010221000 (base 3) in base 14?
-15063b
3eee91 (base 15) to base 11
1795063
What is -210222122200 (base 3) in base 14?
-b3a06
Convert -215291 (base 11) to base 5.
-41444430
Convert -4541543 (base 6) to base 15.
-48726
4140d (base 16) to base 3
111120122011
-112a40 (base 14) to base 2
-10001110100001000000
Convert 5805b (base 12) to base 7.
666533
1aa616 (base 13) to base 7
5531143
What is -ad31ad (base 15) in base 2?
-11111100001001011110100
-14122055 (base 6) to base 15
-966b5
-1101000111101111100101 (base 2) to base 16
-347be5
-3334531 (base 6) to base 13
-5b771
Convert 1001110101101111 (base 2) to base 14.
1098b
-187082 (base 9) to base 14
-3076a
What is -245025 (base 15) in base 8?
-6502660
What is 2310523 (base 6) in base 14?
3109d
28437 (base 14) to base 5
11141432
Convert -58b013 (base 13) to base 9.
-3864164
Convert 300220212 (base 4) to base 5.
22333311
What is -195975 (base 11) in base 16?
-49666
Convert -a36 (base 12) to base 16.
-5ca
Convert -3b4254 (base 12) to base 4.
-3233231200
Convert 113302131 (base 4) to base 13.
35472
-2314424 (base 5) to base 2
-1010001110001000
Convert -12944ac (base 14) to base 5.
-4243302330
45242530 (base 6) to base 9
2524270
What is -900885 (base 15) in base 2?
-11010000101000001001100
What is -4d97cd (base 16) in base 7?
-61136314
-3491cd (base 14) to base 10
-1792209
Convert -338355 (base 13) to base 5.
-302431330
-32584 (base 12) to base 11
-45a50
What is 13213113 (base 4) in base 13?
11274
-7167a (base 13) to base 8
-614747
Convert 2220122021 (base 3) to base 2.
1101111111110000
What is 4668557 (base 11) in base 4?
133012022133
-47639 (base 12) to base 5
-11032244
-d0b276 (base 14) to base 12
-2427a74
12021122 (base 4) to base 11
17a0a
What is -11100001243 (base 5) in base 10?
-12109573
41a265 (base 11) to base 13
1a7114
What is -2935799 (base 10) in base 16?
-2ccbf7
What is 111231313 (base 4) in base 13?
31645
What is -a2cc1 (base 14) in base 13?
-10966b
Convert 1010137 (base 10) to base 6.
33352321
What is -311343 (base 6) in base 10?
-24975
Convert 135285 (base 11) to base 5.
23240324
What is -222033031 (base 4) in base 5?
-21014010
128687 (base 10) to base 11
88759
-1065313 (base 7) to base 10
-133927
What is -12042254 (base 8) in base 9?
-4862044
Convert -221310322 (base 6) to base 7.
-45630062
-125456 (base 10) to base 16
-1ea10
Convert 7217731 (base 8) to base 11.
109403a
What is -251359 (base 11) in base 4?
-1200330021
What is -51a3b (base 16) in base 10?
-334395
-2413422 (base 5) to base 10
-44862
What is -142a48 (base 13) in base 2?
-1111000000010100001
Convert ba196 (base 16) to base 6.
24200554
What is 203211033 (base 4) in base 7?
1144623
What is -4040b2 (base 14) in base 3?
-11001212021221
What is -36b7d (base 14) in base 16?
-20b5b
What is -1792663 (base 10) in base 8?
-6655227
What is 142002142 (base 5) in base 14?
151a48
Convert 30314214 (base 5) to base 14.
65394
Convert -51184 (base 12) to base 16.
-19cb4
Convert -14243104 (base 7) to base 8.
-5066107
What is -66234 (base 7) in base 10?
-16587
What is 124270 (base 9) in base 7?
432366
128c5 (base 15) to base 5
3344420
What is -262226 (base 11) in base 5?
-101203010
What is 2031256 (base 7) in base 3?
110100022101
-2322211032 (base 4) to base 10
-764238
Convert -110122221200 (base 3) to base 10.
-249282
Convert -34435354 (base 6) to base 12.
-432b5a
1660135 (base 7) to base 12
b29a4
-305010025 (base 6) to base 8
-24073541
Convert -100021222202111 (base 3) to base 11.
-2874763
What is -125541302 (base 6) in base 14?
-497490
-100200113 (base 4) to base 12
-3315b
Convert 4fb82 (base 16) to base 5.
40422110
122233332230 (base 4) to base 14
d076c4
-1a4436 (base 11) to base 14
-82272
What is -612314 (base 7) in base 2?
-11001011010010111
9b0c9 (base 14) to base 15
7668a
420448 (base 12) to base 6
34122532
-13471416 (base 8) to base 11
-179a0a3
b6481 (base 12) to base 15
4acc7
What is -4466842 (base 10) in base 11?
-2581006
-101011213 (base 4) to base 8
-210547
Convert 200300013 (base 4) to base 8.
406007
What is 875187 (base 10) in base 7?
10303365
Convert 2031102 (base 5) to base 8.
100775
What is -645536 (base 7) in base 9?
-181205
Convert 100402326 (base 7) to base 13.
1292c13
2964886 (base 12) to base 9
16626773
Convert b25eaf (base 16) to base 12.
3ab8a13
Convert -36266b (base 12) to base 3.
-1122110201002
Convert -3313011131 (base 4) to base 15.
-14ed0b
Convert 17856 (base 12) to base 6.
421350
What is 84908 (base 10) in base 8?
245654
42fd8d (base 16) to base 4
100233312031
What is -78906 (base 10) in base 11?
-54313
Convert -9c861 (base 14) to base 10.
-380325
25c3f5 (base 16) to base 11
1440558
Convert 11c1684 (base 14) to base 2.
100000100011000110100100
-133321111 (base 4) to base 11
-8a179
-326348 (base 9) to base 3
-100220101122
Convert -201002121221 (base 3) to base 2.
-1011011110001010100
What is 334341341 (base 5) in base 7?
15405223
Convert -2675958 (base 11) to base 4.
-101213313022
-514522 (base 7) to base 8
-254005
What is 5904367 (base 11) in base 8?
47256500
-1317983 (base 12) to base 9
-7070850
Convert 30322343 (base 5) to base 9.
413488
What is 19c88 (base 16) in base 10?
105608
11162b9 (base 12) to base 13
8a4968
Convert -1457a75 (base 12) to base 7.
-46560215
What is 17057262 (base 8) in base 12?
13a9702
What is 10011001000101100 (base 2) in base 15?
18355
71521 (base 10) to base 9
118087
Convert 330033000 (base 4) to base 8.
741700
Convert 1a55 (base 15) to base 14.
2117
Convert -12032210 (base 4) to base 7.
-134240
Convert 111100000110111100000 (base 2) to base 7.
22512240
1971b0 (base 12) to base 7
3543423
Convert 2541303 (base 6) to base 10.
137703
What is -312780 (base 14) in base 10?
-1658860
3577632 (base 9) to base 10
1941113
2460535 (base 7) to base 15
63ebd
-1e8a6 (base 16) to base 8
-364246
-3705734 (base 8) to base 13
-298988
Convert -254005 (base 6) to base 10.
-22901
1448156 (base 11) to base 13
690211
-215611 (base 8) to base 13
-27066
3106b9 (base 13) to base 10
1143606
Convert -297769 (base 11) to base 6.
-13540354
Convert -416544 (base 7) to base 11.
-4a082
6183 (base 15) to base 4
11001312
-3adb64 (base 15) to base 11
-1663922
296b42 (base 14) to base 8
5374506
What is -1334121 (base 5) in base 8?
-65423
Convert -224a1 (base 16) to base 9.
-233584
1101111101101101 (base 2) to base 12
29125
What is -13f4c7 (base 16) in base 15?
-1ac79c
Convert -1107403 (base 9) to base 6.
-20434520
What is 442604 (base 9) in base 11?
170703
What is 12121012